{"id":76,"date":"2020-02-27T21:09:38","date_gmt":"2020-02-27T21:09:38","guid":{"rendered":"https:\/\/reversea.me\/?page_id=76"},"modified":"2025-02-19T09:58:51","modified_gmt":"2025-02-19T09:58:51","slug":"research-innovation-projects","status":"publish","type":"page","link":"https:\/\/reversea.me\/index.php\/research\/research-innovation-projects\/","title":{"rendered":"Research &#038; Innovation Projects"},"content":{"rendered":"<span class=\"span-reading-time rt-reading-time\" style=\"display: block;\"><span class=\"rt-label rt-prefix\">Reading Time: <\/span> <span class=\"rt-time\"> 3<\/span> <span class=\"rt-label rt-postfix\">minutes<\/span><\/span>\n<p>Here you can find a summary of the research and innovation projects in which the members of our group are (or have been) involved:<\/p>\n\n\n\n<p><strong>Current R&amp;I projects<\/strong><\/p>\n\n\n\n<ul class=\"wp-block-list\">\n<li><a href=\"https:\/\/reversea.me\/index.php\/research\/research-innovation-projects\/international-cybersecurity-chair-unizar\/\">\u201c<em>International Cybersecurity Chair UNIZAR<\/em>\u201d<\/a> (ref. OTRI-2024\/2010). Funding agency: Spanish National Cybersecurity Institute (INCIBE). Funding quantity: 545.952,08\u20ac. Principal investigator: <strong>Ricardo J. Rodr\u00edguez<\/strong>. Dates: April 2024 to December 2025. Research team: 20.<\/li>\n\n\n\n<li><a href=\"https:\/\/reversea.me\/index.php\/research\/research-innovation-projects\/cybercamp-unizar\/\">\u201c<em>CyberCamp UNIZAR<\/em>\u201d<\/a> (ref. OTRI-2023\/2040). Funding agency: Spanish National Cybersecurity Institute (INCIBE). Funding quantity: 242.786,47\u20ac. Principal investigator: <strong>Ricardo J. Rodr\u00edguez<\/strong>. Dates: November 2023 to December 2025. Research team: 7.<\/li>\n\n\n\n<li><a href=\"https:\/\/reversea.me\/index.php\/research\/research-innovation-projects\/eina-unizar-cybersecurity-strategic-project\/\">\u201c<em>EINA UNIZAR Cybersecurity Strategic Project<\/em>\u201d<\/a> (ref. OTRI-2023\/2038). Funding agency: Spanish National Cybersecurity Institute (INCIBE). Funding quantity: 865.126,56\u20ac. Principal investigator: <strong>Ricardo J. Rodr\u00edguez<\/strong>. Dates: October 2023 to December 2025. Research team: 12.<\/li>\n\n\n\n<li><a href=\"https:\/\/reversea.me\/index.php\/research\/research-innovation-projects\/mimfa\/\">\u201c<em>Malware Indicators of compromise enhanced by Memory Forensic Analysis (MIMFA)<\/em>\u201d<\/a> (ref. TED2021-131115A-I00). Funding agency: Spanish Ministry of Science and Innovation. Funding quantity: 129,835.00\u20ac. Principal investigator: <strong>Ricardo J. Rodr\u00edguez<\/strong>. Dates: December 2022 to November 2024. Research team: 6.<\/li>\n<\/ul>\n\n\n\n<p><strong>Past research projects<\/strong><\/p>\n\n\n\n<ul class=\"wp-block-list\">\n<li>\u201c<em>Secure-TBed4IIoT: Testbed para evaluaci\u00f3n de seguridad en entornos IoT industriales<\/em>\u201d (ref. JIUZ-2020-TEC-08). Funding agency: Fundaci\u00f3n Ibercaja-Universidad de Zaragoza (local entity, call 2020). Funding quantity: 2,000\u20ac. Principal investigator: <strong>Ricardo J. Rodr\u00edguez<\/strong>. Dates: January 2021 to December 2021. Research team: 7. <\/li>\n\n\n\n<li><em>&#8220;IN-FAST: Procedures to increase cybersecurity and protection of transport critical infrastructures&#8221;<\/em> (ref. IDI-20200146). Funding agency: Spanish Ministry of Economy Industry and Competitiveness (CDTI call 2019). Funding quantity: 58,982.56\u20ac. Principal investigators: Javier Campos and <strong>Ricardo J. Rodr\u00edguez<\/strong>. Dates: April 2020 to October 2021. Research team: 4.<\/li>\n\n\n\n<li><em>&#8220;EU-GDPR: New data privacy regulation in the European Union &#8211; impact on EU citizens and organizations&#8221;<\/em> (EUPRIV8; ref. 611826-EPP-1-2019-1-ES-EPPJMO-PROJECT). Funding agency: European Union (Jean Monnet 2019 call). Funding quantity: 59,865.50\u20ac. Principal investigators: <strong>Ricardo J. Rodr\u00edguez<\/strong>, Camino Fern\u00e1ndez Llamas (University of Le\u00f3n). Dates: September 2019 to February 2021. Research team: 12.<\/li>\n\n\n\n<li><em>&#8220;Mejora del An\u00e1lisis y Desanonimizaci\u00f3n de Servicios Ocultos en TorHSScanner&#8221;<\/em> (ref. CUD-2018-09). Funding agency: Centro Universitario de la Defensa-Zaragoza (local entity, call 2018). Funding quantity: 1,200\u20ac. Principal investigator: <strong>Ricardo J. Rodr\u00edguez<\/strong>. Dates: January 2019 to December 2019. Research team: 2.<\/li>\n\n\n\n<li> <em>&#8220;Modelo del protocolo Tor y seguimiento de servicios ocultos&#8221; <\/em>(ref. CUD-2017-14). Funding agency: Centro Universitario  de la Defensa-Zaragoza (local entity, call 2017). Funding quantity:  1,500\u20ac. Principal investigator: <strong>Ricardo J. Rodr\u00edguez<\/strong>. Dates: January 2018 to December 2018. Research team: 2.<\/li>\n\n\n\n<li><em>&#8220;An\u00e1lisis y Estudio de la Seguridad de Sistemas de Informaci\u00f3n y Gesti\u00f3n de datos en el Contexto de las Smart Cities y el Big Data&#8221;<\/em> (ref. UZCUD2017-TEC-09). Funding agencies: Centro Universitario de la Defensa-Zaragoza and University of Zaragoza (local entities, call 2017). Funding quantity:  2,000\u20ac. Principal Investigators: Simona Bernardi (CUD) and Raquel Trillo-Lado (UZ). Dates: October 2017 to September 2018. Research team: 5.<\/li>\n\n\n\n<li><em>&#8220;Desarrollo de T\u00e9cnicas de Detecci\u00f3n de Ciberataques en Sistemas de Informaci\u00f3n mediante Miner\u00eda de Procesos&#8221;<\/em> (ref. UZCUD2016-TEC-06). Funding agencies: Centro Universitario de la Defensa-Zaragoza and University of Zaragoza (local entities, call 2016). Funding quantity:  2,000\u20ac. Principal Investigators: Simona Bernardi (CUD) and <strong>Ricardo J. Rodr\u00edguez<\/strong> (UZ). Dates: October 2016 to September 2017. Research team: 6.<\/li>\n\n\n\n<li><em>&#8220;Cyber-resilient critical infrastructures: Exploiting process mining techniques for security-by-design&#8221;<\/em> (ref. TIN2014-58457-R). Funding agency: Spanish Ministry of Science and Innovation (call 2014). Funding quantity: 69,575\u20ac. Principal investigator: Jos\u00e9 Merseguer (UZ). Dates: January 2015 to December 2017. Research team: 5.<\/li>\n<\/ul>\n\n\n\n<p><strong>Past innovation projects<\/strong><\/p>\n\n\n\n<ul class=\"wp-block-list\">\n<li><em>&#8220;Consultor\u00eda para el an\u00e1lisis de procesos leg\u00edtimos en volcados de memoria obtenidos de m\u00e1quinas comprometidas &#8211; mantenimiento&#8221;<\/em> (ref. 2019\/0194). Funding agency: Spanish National Intelligence Centre (local entity). Funding agency: 18,137.90\u20ac. Principal investigators: Javier Campos and <strong>Ricardo J. Rodr\u00edguez<\/strong>. Dates: April 8, 2019 to December 2019. Research team: 4.<\/li>\n\n\n\n<li><em>&#8220;Ticketing system audit&#8221;<\/em> (ref. 2019\/0174). Funding agency: SICOMORO SERVICIOS INTEGRALES, S.L. (local entity). Funding quantity: 12,100\u20ac. Principal investigators: Javier Campos and <strong>Ricardo J. Rodr\u00edguez<\/strong>. Dates: July 15, 2019 to December 2019.  Research team: 2.<\/li>\n\n\n\n<li><em>&#8220;Consultor\u00eda para el an\u00e1lisis de procesos leg\u00edtimos en volcados de memoria obtenidos de m\u00e1quinas comprometidas &#8211; mantenimiento&#8221;<\/em> (ref. 2018\/003). Funding agency: Spanish National Intelligence Centre (local entity). Funding quantity: 18,137.90\u20ac. Principal investigator: <strong>Ricardo J. Rodr\u00edguez<\/strong>. Dates: March 15, 2018 to December 2018. Research team: 4.<\/li>\n\n\n\n<li>&#8220;<em>An\u00e1lisis de procesos leg\u00edtimos en volcados de memoria obtenidos de m\u00e1quinas comprometidas&#8221;<\/em> (ref. 2017\/0097). Funding agency: Spanish National Intelligence Centre  (local entity). Funding quantity: 21,659\u20ac. Principal investigators: Javier Campos and <strong>Ricardo J. Rodr\u00edguez<\/strong>. Dates: February 22, 2017 to December 2017. Research team: 3.<\/li>\n\n\n\n<li><em>&#8220;Computer forensics&#8221;<\/em> (ref. 2017\/01). Funding agency: several local entities. Funding quantity: 3,548.62\u20ac. Principal investigator: <strong>Ricardo J. Rodr\u00edguez<\/strong>. Dates: May 2016 to December 2017. Research team: 1.<\/li>\n<\/ul>\n","protected":false},"excerpt":{"rendered":"<p><span class=\"span-reading-time rt-reading-time\" style=\"display: block;\"><span class=\"rt-label rt-prefix\">Reading Time: <\/span> <span class=\"rt-time\"> 3<\/span> <span class=\"rt-label rt-postfix\">minutes<\/span><\/span>Here you can find a summary of the research and innovation projects in which the members of our group are (or have been) involved: Current R&amp;I projects Past research projects Past innovation projects<\/p>\n","protected":false},"author":1,"featured_media":0,"parent":46,"menu_order":0,"comment_status":"closed","ping_status":"closed","template":"","meta":{"footnotes":""},"class_list":["post-76","page","type-page","status-publish","hentry","no-featured-image"],"_links":{"self":[{"href":"https:\/\/reversea.me\/index.php\/wp-json\/wp\/v2\/pages\/76","targetHints":{"allow":["GET"]}}],"collection":[{"href":"https:\/\/reversea.me\/index.php\/wp-json\/wp\/v2\/pages"}],"about":[{"href":"https:\/\/reversea.me\/index.php\/wp-json\/wp\/v2\/types\/page"}],"author":[{"embeddable":true,"href":"https:\/\/reversea.me\/index.php\/wp-json\/wp\/v2\/users\/1"}],"replies":[{"embeddable":true,"href":"https:\/\/reversea.me\/index.php\/wp-json\/wp\/v2\/comments?post=76"}],"version-history":[{"count":15,"href":"https:\/\/reversea.me\/index.php\/wp-json\/wp\/v2\/pages\/76\/revisions"}],"predecessor-version":[{"id":825,"href":"https:\/\/reversea.me\/index.php\/wp-json\/wp\/v2\/pages\/76\/revisions\/825"}],"up":[{"embeddable":true,"href":"https:\/\/reversea.me\/index.php\/wp-json\/wp\/v2\/pages\/46"}],"wp:attachment":[{"href":"https:\/\/reversea.me\/index.php\/wp-json\/wp\/v2\/media?parent=76"}],"curies":[{"name":"wp","href":"https:\/\/api.w.org\/{rel}","templated":true}]}}